s) = -s**3 + 11*s**2 + s - 6. Let f be c(11). Suppose 0 = q + 4, -3*p = -f*p + 4*q + 28. Let m(t) = t - 4. Determine m(p).
2
Let b(n) be the first derivative of -n**4/12 + n**3/2 - n**2/2 - 3. Let l(j) be the second derivative of b(j). Determine l(-4).
11
Let i = 39 - 37. Let g(y) = -1 - 3*y - 2 + 1. Calculate g(i).
-8
Let u(p) = -p**2 + 1. Let b be (6 + -4)*1 + -1. Calculate u(b).
0
Suppose -7 = 3*f + s + s, 0 = -f - s - 1. Let n(c) = 11*c**2 - 23*c - 21. Let d(m) = 5*m**2 - 11*m - 10. Let r(g) = -13*d(g) + 6*n(g). Determine r(f).
4
Let q(j) = 2*j + 5. Let u(a) = -2*a**2 - 4*a. Let i be u(-3). What is q(i)?
-7
Let q(n) = -3*n - 1. Let w(l) = -16*l - 5. Let x(z) = 11*q(z) - 2*w(z). Let b = -2 - -3. Give x(b).
-2
Let i(y) = -y**2 + 4*y + 2. Let r be 4/(-14) - 1355/35. Let z be 4/(-26) - 162/r. Give i(z).
2
Let s be (-6)/(-7)*28/6. Let j(c) = -1 - s*c**2 + 4*c + 4 + 5*c**2. Determine j(-2).
-1
Let d(p) = p**3 + 7*p**2 + 5*p - 8. Suppose 4*f = -16 - 8. Give d(f).
-2
Let j(o) = o + 7. Let c be j(-5). Suppose 4*y = 6 + 2, -c*y = 4*t - 84. Suppose 0*x = -4*x - 2*l - t, -2 = -2*x + 2*l. Let w(v) = -2*v - 4. Determine w(x).
2
Let m(u) = 2*u**3 + 2*u**2 - 3*u - 2. Suppose 3*l - 12 = -0. Suppose 5*t - 3 = l*q, -5*q + 0*q = -2*t + 8. Calculate m(q).
-4
Let g(j) = j**3 - 5*j**2 - 3*j - 1. Suppose 0 = -6*z + 28 + 2. Give g(z).
-16
Let i(r) = -109*r + 8 - 5*r**3 + 112*r + 4*r**3 - 6*r**2. Calculate i(-6).
-10
Let k be (-3)/(3/9*-1). Let r(s) = s + k - 7 - 17. What is r(0)?
-15
Let l(g) = 6 + 133*g - 67*g - 72*g - 3. Suppose 0 = -2*i - 2*f + 2, -2 = 2*f + 2. Calculate l(i).
-15
Let q(z) = 2*z**2 - z + 1. Let o be q(1). Let t(a) = 6*a - 2. Let l(k) = k. Let f(d) = -5*l(d) + t(d). Give f(o).
0
Let y(o) = -o**2 - 9*o + 1. Let p(u) = -u**2 - 10*u + 1. Let r(c) = -5*p(c) + 6*y(c). Let a = -6 + 1. Determine r(a).
-4
Let b(p) = -p - 6. Let d(k) = -7. Suppose 2*q - x - 8 = 0, 8 + 1 = 3*q - 3*x. Let f(o) = q*d(o) - 6*b(o). Determine f(1).
7
Let h(x) be the first derivative of x**3/3 - x**2/2 - 3*x + 3. Determine h(3).
3
Let i(x) = 6*x**2 - x + 1. Let o(p) = 4 + 0*p - p**3 - 5*p + 4*p - 2*p**2 + p**2. Let n be o(0). Let v be n + 0 + (-5 - -2). What is i(v)?
6
Let r = -1 - 0. Let p = r - -1. Let k(q) = -2*q + 5*q - 4*q + 4 + 5. Calculate k(p).
9
Let c(d) = d + 7. Suppose 3*b - 12 = -0*b. Suppose -b*x - 4 - 16 = 0. Calculate c(x).
2
Suppose 8 = -9*t + 13*t. Let g(j) = 3*j - 2. Determine g(t).
4
Let w(o) be the second derivative of -o**4/12 + o**3 + 7*o**2/2 + o. Suppose 20*i - 21*i = -6. Determine w(i).
7
Let w(i) = 2*i**2 + 5*i - 1. Let c be ((-16)/40)/((-1)/(-10)). What is w(c)?
11
Suppose 2*r = 3*r + 5*d - 9, -2*r + 3*d = -5. Let y(o) = -o**3 + 6*o**2 - 4*o - 1. What is y(r)?
15
Let o(k) be the first derivative of 1/3*k**3 - 5/2*k**2 - 2 + 4*k. Suppose u - 9 = -4*r, 7*r - 2*u = 4*r + 15. Determine o(r).
-2
Let h(y) = y + 3. Let a(o) = -2*o - 7. Let m(s) = -6*a(s) - 14*h(s). Suppose -l + 14 + 16 = -5*d, -3*d + 5 = 4*l. Let w = l - 3. Determine m(w).
-4
Let m(s) be the second derivative of s**4/6 + 2*s**3/3 + 3*s**2/2 + s. Let c = 342 + -344. Give m(c).
3
Let j be (2/(-3))/(4/(-18)). Let v(l) be the third derivative of l**6/360 - l**5/40 - l**3/3 + l**2. Let s(a) be the first derivative of v(a). Calculate s(j).
0
Let g be -6*1/(-2)*2. Suppose -2*j = -3*k + 5, -3*j = -3*k - 0*j + g. Let o(t) = k + t + 0*t**2 + t**2 - 4*t. Give o(3).
1
Let z(i) be the third derivative of 0*i + 1/12*i**4 - 4*i**2 + 1/3*i**3 + 0. What is z(-3)?
-4
Let m be (-3)/6*(-20)/2. Let b(i) = 2*i**2 - 7*i. Calculate b(m).
15
Suppose -4*b = -5*b. Suppose m + m - 8 = b. Let z(y) = 2*y - 3. Calculate z(m).
5
Suppose 4*g + 5*a = 29, -3*g = a - 0 - 19. Let d(z) = z**2 - 7*z + 9. Let q be d(g). Let x(i) = i - 1. What is x(q)?
2
Let p(j) = -12*j**2 + j - 6. Let a(v) = -v**3 - 7*v**2 + v + 1. Let t be a(-7). Let k(b) = -13*b**2 + b - 7. Let s(z) = t*k(z) + 7*p(z). Give s(1).
-5
Suppose 2*q + 4*q = 30. Let j(s) = -s**2 + 7*s + 7. Determine j(q).
17
Let k(n) be the first derivative of -n**2/2 - 2. Let c(y) = -2*y - 1. Let u(g) = 3*c(g) - 8*k(g). Suppose -2*w - w = 5*x + 3, -3*w = -x - 15. Determine u(w).
5
Let k(b) = -b**3 + 3*b**2 + 2*b - 2. Let u be ((-60)/(-5))/(-4) + (1 - 0). Calculate k(u).
14
Let w(i) = i + 40. Let t be w(0). Suppose 0 = 2*a - 5*g - 5, 3*g = -5*a - 2*g - t. Let l(p) = -2*p**2 - 8*p - 3. Determine l(a).
-13
Let n(c) = -c + 1. Let z(v) = -12*v + 11. Let p(b) = 66*n(b) - 6*z(b). Let r(q) = -7*q. Let d(f) = -6*p(f) - 5*r(f). Suppose l - 6 = -l. What is d(l)?
-3
Suppose 5*f - 2 + 12 = 0. Let q(n) = 10*n**3 - n**2 + 5*n - 1. Let z(b) = 3*b**3 + 2*b. Let j(i) = 2*q(i) - 7*z(i). What is j(f)?
6
Let i(c) = c**3 + 11. Let v(s) be the third derivative of s**5/60 - s**4/24 - 4*s**2. Let k be v(1). Calculate i(k).
11
Let w(f) = -4 + 5 - 2*f - f**2 + 0. Calculate w(-4).
-7
Let p(a) = a**2 + 11*a + 8. Let j be p(-10). Let m(l) = -2*l - 1. Give m(j).
3
Suppose 0 = i + 2*y + 10, 2*i = -3*y + 4*y - 10. Let g be (-2)/i*9/3. Let c(o) = -4*o - 5. Let x(b) = -b - 1. Let l(p) = -c(p) + 6*x(p). Give l(g).
-3
Let f(c) = -3*c**3 + 93*c**2 - 8 - c - 183*c**2 + 2*c**3 + 91*c**2. Let h be (-4)/14 - (-6)/21. Determine f(h).
-8
Let k(a) = 5*a**3 + 6*a**2 - 3*a - 1. Let m(c) = -6*c**3 - 7*c**2 + 4*c + 1. Let j(s) = 7*k(s) + 6*m(s). Let q(r) = r**2 - 8*r + 9. Let l be q(7). What is j(l)?
-3
Let d(h) = -2*h**2 - 4 + 3 + 3*h + 0*h + 0*h. What is d(2)?
-3
Let a(y) = y - 4. Let g be (-62)/(-4) - 3/(-6). Let q = g + -12. What is a(q)?
0
Let x(m) = -m**3 - 5*m**2 - 3*m. Let l(w) = -3*w + 20. Let v be l(8). What is x(v)?
-4
Let k = 17 + -17. Let j(f) = -f**2 + f + 5. Let u be j(k). Let q(y) = -y**3 + 6*y**2 - 5*y + 7. Calculate q(u).
7
Suppose 0 = -4*q - 1 + 17, 2*q - 8 = 5*h. Suppose -2*g + h*g = 0. Let d(b) = -b**3 + b**2 + 9. Determine d(g).
9
Let l(m) be the second derivative of m**3 + 2*m**2 - m. Let i(v) = 5*v + 4. Let b(k) = -5*i(k) + 4*l(k). Calculate b(-5).
1
Let g(x) = 2*x**2 - 3*x + 3. Let a(d) = d - 2. Let n be a(8). Suppose 6*o = 3*o + n. Calculate g(o).
5
Let f be (9 + -1)*2/(-4) + 9. Let i(l) = l**2 - l. Determine i(f).
20
Let g(b) = -6*b - 3. Suppose -6 = -2*r - 4*d + 6, 0 = 5*r - 2*d + 18. Give g(r).
9
Let m(p) = 5*p**2 - 4*p**2 - 7*p**2 - 2 + 3*p + 0. Calculate m(2).
-20
Let r(x) be the first derivative of -x**4/4 + 2*x**3 - 3*x**2 - 3*x + 17. Give r(5).
-8
Let u(f) be the second derivative of 0*f**2 + 1/6*f**4 + 0 + 1/6*f**3 + 2*f + 1/10*f**5. Calculate u(-1).
-1
Let p(j) = -j**2 + 5*j - 10. Let o(z) = 2*z**2 - 10*z + 19. Let c(d) = -6*o(d) - 11*p(d). Suppose 2*k = 5*v - 2, -6 = -5*k + 2*k + 3*v. Give c(k).
0
Let l(x) = -2*x - 6. Suppose -2*q + 3 = 13. Let h = -8 - q. Let c = h - 3. What is l(c)?
6
Let f(l) = -l**3 + 6*l**2 - 4*l - 9. Let k be f(5). Let j(c) be the third derivative of -c**6/120 - c**5/12 - c**4/6 + 2*c**3/3 + 2*c**2. Give j(k).
4
Let t be 3*2/6*1. Suppose -t + 2 = b. Let r(i) = -8*i + 1. Give r(b).
-7
Suppose 6 = 2*t - 0. Let c = t - 5. Let f(q) = q - 5 - 5*q + 2. What is f(c)?
5
Suppose -3*l = -2*w + 7, -6*l - 4 = -w - 5*l. Let v(m) = -m**2 + 6*m + 4. What is v(w)?
9
Let m = 12 - 8. Let k(f) = -f + 4. Determine k(m).
0
Let s(i) = 3*i - i - 4 - i. Suppose -3*w + x = -3, 0 = 3*x + 9. Suppose 0 = y - w - 4. Determine s(y).
0
Suppose 7 + 9 = 4*o. Let q(n) = n - 5. Calculate q(o).
-1
Let i(v) = -v**2 - 12*v + 6. Let j(m) = m**2 + 11*m - 5. Let d(g) = 5*i(g) + 6*j(g). Give d(-5).
-5
Let m be 4/2 + (2 - 2). Let g(p) = 0*p + m*p + 3 - 3*p - 4. Calculate g(5).
-6
Let g(q) = 7*q + 0*q + 8 + 0*q**2 + q**2 - 6. What is g(-6)?
-4
Let q be ((-4)/(-3))/((-22)/33). Let v(n) = -4*n + 1 + 3 - 6. Give v(q).
6
Let c be 6/(-4) - 1/2. Let q(d) = 3*d + 1. What is q(c)?
-5
Let o(l) = -9*l + 6. Let c(k) = k - 1. Let y(s) = -5*c(s) - o(s). Suppose -30 = -5*u - 5*h, 3*u - 3*h - 23 = -7*h. Let v be 1*(1 - (u + 1)). Calculate y(v).
-5
Let n(a) = -a**2 - 15*a - 49. Let q be n(-7). Let j(i) = -i**2 + 7*i. Give j(q).
0
Let c(y) = -6*y**3 + 6*y**2 + 9. Let o(r) = 5*r**3 - 6*r**2 + r - 8. Let w(g) = -4*c(g) - 5*o(g). Determine w(5).
4
Let k(a) = -5*a - 17. Let m(l) = 4*l + 17. Let z(n) = -3*k(n) - 4*m(n). Calculate z(-7).
-10
Suppose -23*c + 18 = -5*c. Let r(v) = 1 + v + 0*v - 5*v. Calculate r(c).
-3
Suppose 2*v - 5*k